a/((-4)/2)*29 a prime number?
False
Let g(i) be the second derivative of -45*i**3/2 + i**2 - 5*i. Let c be g(-1). Let s = c - 58. Is s composite?
False
Let c(w) = -4*w + 47. Suppose -6*o + 5*o + 10 = 0. Is c(o) a prime number?
True
Let m(n) = 3*n**2 - n + 27. Suppose 2*j - 26 = -3*r, 3*j - 33 - 10 = -5*r. Is m(r) a composite number?
False
Suppose 10 - 26 = 4*a. Let l be (-5)/(a - (-3 - 0)). Suppose 5*k - k + 931 = l*f, 2*f - 370 = k. Is f prime?
False
Let i(h) = 3942*h - 1. Is i(1) prime?
False
Suppose -13*g + 61194 + 3559 = 0. Is g prime?
False
Let w(p) = 18*p - 15. Let t be w(-6). Let r = -26 - t. Is r prime?
True
Let h = 3043 + -2174. Is h prime?
False
Let g(x) = 1502*x + 345. Is g(4) composite?
False
Let t(k) = 6*k + 64. Let f be t(-13). Let c(s) = -2*s**3 - 8*s**2 - 10*s - 21. Is c(f) prime?
False
Let u(q) = q**2 + q. Let r be u(0). Suppose -1133 = -v - r*v. Suppose 4*p + 142 = -2*j + 904, 0 = 3*j + 4*p - v. Is j a prime number?
False
Let t be (-196)/(-5) + 5/(-25). Suppose -s + 4*s = -t. Let p(x) = 2*x**2 - 17. Is p(s) a prime number?
False
Is ((-9)/6)/(27/(-55962)) prime?
True
Suppose -9 + 4 = -5*r. Suppose 5*l - 2*g = -0*l + 2017, -g - r = 0. Is l prime?
False
Suppose 0 = -4*w - r - 1655112 - 908570, -2 = r. Is (-8)/44 + w/(-88) composite?
False
Let b = -945 + 1391. Is b prime?
False
Let s(h) = 288*h**2 + 4*h - 3. Let r be s(4). Suppose -5*w + 3*d - 648 = -r, 3*d = -5*w + 3997. Is w a composite number?
False
Let z(t) = 2*t**2 - t + 1. Let p be z(1). Suppose -3*q = -p*q. Suppose q = 4*f + 2*d - 114 - 48, 0 = -f - 2*d + 33. Is f composite?
False
Let o = 49783 + -23310. Is o a composite number?
True
Is (-89195)/(-4) - 0 - (-59)/236 prime?
False
Suppose d + 19 = -6*i + i, 0 = -3*d + 4*i. Is 209 - (2/d + (-9)/6) a prime number?
True
Suppose i + 3 = -i + 5*t, t = -2*i - 33. Let c be (-14)/i*(-1 + 0). Is (413 - (c + 2)) + -3 prime?
True
Suppose 5*n - 15 = 5*a, 0*a - 4*n + 14 = -3*a. Suppose 4*u - a = 34. Is (-2)/u + (-16300)/(-45) prime?
False
Let i = -341 - -23592. Is i composite?
False
Suppose -3*l = 4*l. Suppose -4*q + 2*q + 2198 = l. Is q composite?
True
Let z(q) be the third derivative of q**5/15 + q**4/24 - 3*q**2. Let l be z(3). Suppose 5*t - 2*u - l = 0, 5*t - 24 = t - 2*u. Is t a composite number?
False
Is 1*21467*(-6 + 7 - 0) a composite number?
False
Let s = -225 + 378. Let m = s + 145. Let i = 464 - m. Is i a prime number?
False
Let g = 16 + -22. Let v = 8 + g. Suppose 0 = -v*b - 8 + 34. Is b a prime number?
True
Suppose 4*j - 6*j = -2. Let s be 3 + (3 + 0)/j. Is 1056/10 - s/(-15) composite?
True
Let s(v) = -5*v - 2. Let c be s(-1). Suppose 3*t = 5*t + 4*g - 538, 0 = -4*t + c*g + 1065. Is t a prime number?
False
Suppose 2*z - 8 = -0*z. Suppose 2*t = 3*n + 3 + z, 2*n = -3*t + 4. Suppose 0 = -2*w, t*l - 78 = -2*w + 248. Is l a prime number?
True
Suppose -7*s = -6*s - 2747. Is s a composite number?
True
Let y be 5 - (-5 - (-404)/(-4)). Suppose y = n + 5*m - 1289, 3*n - 4167 = -4*m. Is n prime?
False
Suppose -12*g + 46*g = 333778. Is g a composite number?
False
Is (8532 - 26)/(2 - 24/14) a prime number?
False
Let f be 1*(449 + (-5 - -1)). Suppose 4*s + 20 = 0, 4*w = s - f + 2398. Is w a composite number?
False
Is 50/(-25)*((-8516)/8 - 0) prime?
True
Let w(n) = -n**3 + 10*n**2 + 4*n - 4. Let c be w(11). Let t = 602 + c. Is t composite?
False
Let v(s) be the second derivative of -4*s**3/3 + s**2/2 + s. Let k be v(1). Let u = k - -50. Is u a prime number?
True
Let w(c) = 27*c - 1. Let t(z) = -z**2 + 6*z + 7. Let b be t(5). Let s = b + -6. Is w(s) composite?
True
Let o = -346 + 505. Suppose 8*l - 11*l = -o. Let h = l - -134. Is h composite?
True
Suppose 561326 = 24*u - 15418. Is u a prime number?
False
Is 223414/16 + 6/(-16) a prime number?
True
Suppose 0 = h - 2*h - 4. Let m(t) = -t**2 - 6*t - 6. Let k be m(h). Suppose -k*z + 422 = -0*z. Is z composite?
False
Let v(r) = 5*r**2 + 2*r - 2. Let g = 1 + 3. Suppose -g*n = 5*k + 22, -1 = 2*k + 3. Is v(n) prime?
True
Let q(s) = s**3 - 11*s**2 + 8*s - 13. Let j(o) = -o. Let p(z) = -2*j(z) + q(z). Is p(12) prime?
True
Suppose -2*j + 695 + 575 = 0. Is j a composite number?
True
Let b(x) = 3*x**2 + 9*x + 3. Let f(r) = 3*r + 5. Let a be f(3). Suppose -10*y = -8*y + a. Is b(y) composite?
True
Suppose -3*v + 706436 = -f + 5*f, f - 176609 = -5*v. Is f prime?
True
Let o be -5*(-2 - (-834)/15). Let s = 73 + -156. Let a = s - o. Is a a prime number?
False
Let z(y) = -y**2 + y + 4083. Let b be z(0). Suppose 3*a - b = -0*a. Is a a composite number?
False
Let d = 2011 - 232. Is d composite?
True
Let o(u) = 2 + 1 - 2*u**2 + 5*u - 4 + 7*u**2 - u**3. Let l be o(8). Let g = -34 - l. Is g prime?
False
Let u(r) be the third derivative of 197*r**5/60 - r**4/2 - 19*r**3/6 - 40*r**2. Is u(-4) a composite number?
False
Let v = -7 + 12. Suppose 75 = -5*y + v*f, y = 3*y + 4*f. Is y*((-518)/(-4))/(-7) a prime number?
False
Let s(v) be the first derivative of -51/2*v**2 - 14*v + 1. Is s(-9) prime?
False
Let j(c) = -c**3 + 4*c**2 + 11*c + 19. Let g be j(-9). Suppose -3*r - 7*w = -2*w - g, r - 4*w = 347. Is r composite?
False
Suppose -2*y + 6 = 4*f, 5*f = -0*y - 3*y + 9. Let s(l) = 2*l**2 - l + 2. Let q be s(f). Suppose 0 = 6*a - q*a - 492. Is a a composite number?
True
Let d(t) = 3*t**2 - t - 1. Let s be d(-1). Suppose s*g + 3*f - 1374 = 0, 0 = -3*g - 4*f + 3*f + 1378. Suppose 3*q + q = g. Is q prime?
False
Let h(o) = 4*o**3 - 5*o**2 + 2*o - 2. Let z be h(5). Suppose -g + 3*k + z = 0, g - 4*k + 2*k = 379. Is g prime?
False
Let y = 3884 + -2627. Suppose 0 = 8*d - 5*d - y. Is d a prime number?
True
Let u be 3 - 0 - (-59 + 2). Suppose 2*w - 135 = t, -2*w - t - u + 185 = 0. Is w composite?
True
Suppose -17679 = 10*o - 298829. Is o prime?
False
Suppose 4*t - 8*t = 32. Is 2/t - 5530/(-8) composite?
False
Suppose -20*n + 18*n + 5*d = -16223, 7*d = -5*n + 40616. Is n a prime number?
False
Let n = 172 + -339. Suppose 23*c - 490 = 30*c. Let v = c - n. Is v prime?
True
Suppose -s + 499 = 4*j, 3*s = j + 1644 - 173. Is s composite?
False
Suppose -14*p - 5*p + 92359 = 0. Is p a composite number?
False
Suppose -60787 = -6*t - 2209. Is t composite?
True
Suppose 20 = 5*q - p, 5*p - 7*p = q + 7. Suppose -q*v = -0*v - 993. Is v composite?
False
Suppose 5*f - 162231 = -4*s, 17*s = 18*s - 2*f - 40561. Is s composite?
False
Suppose -12*f + 30241 = v - 17*f, 3*v + 4*f - 90723 = 0. Is v a composite number?
False
Let c = -3187 + 15520. Is c a prime number?
False
Let o be (-16)/(-6)*((-381)/(-2) + 0). Suppose -5*u = -u - o. Is u a composite number?
False
Let r = 21752 + -14611. Suppose 2*f + 2842 = -y + 3*y, -5*y + r = 4*f. Let d = y - 974. Is d prime?
False
Let c = -21 - 227. Let z = c - -627. Is z composite?
False
Suppose 2*r - 63 = 3*l, -5*r = -2*r + l - 122. Suppose 0 = -4*g + 2*t + 508, -2*t - 368 = -3*g - 7*t. Suppose 3*f - g = r. Is f a composite number?
True
Suppose 1648 + 357 = 5*g. Is g a composite number?
False
Let i = 3 - -2. Suppose -i*g - 4*w = 20, 3*g + 5 = -w - 0*w. Suppose g = 5*a + 4*x - 306 - 277, 5*x = -3*a + 342. Is a a composite number?
True
Suppose 0 = -o - 2*v + 6751, o - 10*v + 6*v - 6727 = 0. Is o composite?
True
Let p be (0/2)/((-6)/3). Suppose 0 = 3*t - 5 + 17, 5*v - t - 929 = p. Is v composite?
True
Let j(f) = 6*f**3 - f + 3. Let h be j(-3). Let n be 3 - (h + -2)*1. Suppose 3*c = -c - 3*g + 329, -2*c + n = 5*g. Is c a composite number?
False
Let d(n) = -16034*n**3 - 55*n - 56. Is d(-1) a composite number?
False
Suppose -4*p = o - 12, -o + 4*o = p - 16. Suppose p*x - 405 = -x. Suppose 0 = 5*j - 4*n - 129 + 3, -3*j - 3*n = -x. Is j a prime number?
False
Suppose 0 = -7*u + 2*u + 15, 5*z + u = 95788. Is z prime?
True
Suppose -3*p = 2*p + 2535. Let f be 4/(-10) - p/5. Suppose m - 18 = f. Is m composite?
True
Suppose w + 2 = 0, 0 = 5*x - 0*w - 3*w - 46. Suppose -8689 + 105 = -x*f. Is f prime?
False
Let y = -11774 - -17757. Is y a composite number?
True
Let d(i) = -i**3 - 10*i**2 - 8*i + 11. Let c be d(-9). Let w be (-7 + 9)*3/c. Let j(h) = 2*h**3 - 3*h**2 - 3*h + 5. Is j(w) a composite number?
False
Let i be 2*(-3 - 31/2). Let n = -29 - i. Suppose 4*w = n, 2*r - 362 - 1402 = -5*w. Is r a composite number?
False
Is (-2)/(-9) - (-11239)/9 a prime number?
True
Suppose 30 = 3*t + 15. Suppose -5*d = t*h - 630, -2*h - 9*d + 4*